{"id":2327,"date":"2015-03-02T07:41:42","date_gmt":"2015-03-02T07:41:42","guid":{"rendered":"http:\/\/themes.muffingroup.com\/be\/university\/?page_id=2"},"modified":"2024-05-11T00:43:46","modified_gmt":"2024-05-11T00:43:46","slug":"inicio","status":"publish","type":"page","link":"https:\/\/faculdadevaledopajeu.edu.br\/antigo\/","title":{"rendered":"Home"},"content":{"rendered":"","protected":false},"excerpt":{"rendered":"","protected":false},"author":1,"featured_media":2466,"parent":0,"menu_order":0,"comment_status":"open","ping_status":"closed","template":"","meta":{"content-type":"","footnotes":""},"class_list":["post-2327","page","type-page","status-publish","has-post-thumbnail","hentry"],"yoast_head":"<!-- This site is optimized with the Yoast SEO plugin v27.4 - https:\/\/yoast.com\/product\/yoast-seo-wordpress\/ -->\n<title>Faculdade Vale do Paje\u00fa | Um novo conceito em educa\u00e7\u00e3o<\/title>\n<meta name=\"description\" content=\"Faculdade no Sert\u00e3o de Pernambuco - Cursos de Enfermagem, Direito, Administra\u00e7\u00e3o, Ci\u00eancias Cont\u00e1beis, Veterin\u00e1ria, Odontologia e Psicologia.\" \/>\n<meta name=\"robots\" content=\"index, follow, max-snippet:-1, max-image-preview:large, max-video-preview:-1\" \/>\n<link rel=\"canonical\" href=\"https:\/\/faculdadevaledopajeu.edu.br\/antigo\/\" \/>\n<meta property=\"og:locale\" content=\"pt_BR\" \/>\n<meta property=\"og:type\" content=\"article\" \/>\n<meta property=\"og:title\" content=\"Faculdade Vale do Paje\u00fa | Um novo conceito em educa\u00e7\u00e3o\" \/>\n<meta property=\"og:description\" content=\"Faculdade no Sert\u00e3o de Pernambuco - Cursos de Enfermagem, Direito, Administra\u00e7\u00e3o, Ci\u00eancias Cont\u00e1beis, Veterin\u00e1ria, Odontologia e Psicologia.\" \/>\n<meta property=\"og:url\" content=\"https:\/\/faculdadevaledopajeu.edu.br\/antigo\/\" \/>\n<meta property=\"og:site_name\" content=\"Faculdade Vale do Paje\u00fa\" \/>\n<meta property=\"article:publisher\" content=\"https:\/\/www.facebook.com\/Faculvaledopajeu\" \/>\n<meta property=\"article:modified_time\" content=\"2024-05-11T00:43:46+00:00\" \/>\n<meta property=\"og:image\" content=\"https:\/\/faculdadevaledopajeu.edu.br\/antigo\/wp-content\/uploads\/2021\/12\/fvp-logo.png\" \/>\n\t<meta property=\"og:image:width\" content=\"130\" \/>\n\t<meta property=\"og:image:height\" content=\"165\" \/>\n\t<meta property=\"og:image:type\" content=\"image\/png\" \/>\n<meta name=\"twitter:card\" content=\"summary_large_image\" \/>\n<script type=\"application\/ld+json\" class=\"yoast-schema-graph\">{\"@context\":\"https:\\\/\\\/schema.org\",\"@graph\":[{\"@type\":\"ScholarlyArticle\",\"@id\":\"https:\\\/\\\/faculdadevaledopajeu.edu.br\\\/antigo\\\/#article\",\"isPartOf\":{\"@id\":\"https:\\\/\\\/faculdadevaledopajeu.edu.br\\\/antigo\\\/\"},\"author\":{\"name\":\"Usu\u00e1rio FVP\",\"@id\":\"https:\\\/\\\/faculdadevaledopajeu.edu.br\\\/antigo\\\/#\\\/schema\\\/person\\\/3ae1244f554b6cd660e0e88c49a20f35\"},\"headline\":\"Home\",\"datePublished\":\"2015-03-02T07:41:42+00:00\",\"dateModified\":\"2024-05-11T00:43:46+00:00\",\"mainEntityOfPage\":{\"@id\":\"https:\\\/\\\/faculdadevaledopajeu.edu.br\\\/antigo\\\/\"},\"wordCount\":1,\"commentCount\":0,\"publisher\":{\"@id\":\"https:\\\/\\\/faculdadevaledopajeu.edu.br\\\/antigo\\\/#organization\"},\"image\":{\"@id\":\"https:\\\/\\\/faculdadevaledopajeu.edu.br\\\/antigo\\\/#primaryimage\"},\"thumbnailUrl\":\"\\\/antigo\\\/wp-content\\\/uploads\\\/2021\\\/12\\\/fvp-logo.png\",\"inLanguage\":\"pt-BR\",\"potentialAction\":[{\"@type\":\"CommentAction\",\"name\":\"Comment\",\"target\":[\"https:\\\/\\\/faculdadevaledopajeu.edu.br\\\/antigo\\\/#respond\"]}]},{\"@type\":\"WebPage\",\"@id\":\"https:\\\/\\\/faculdadevaledopajeu.edu.br\\\/antigo\\\/\",\"url\":\"https:\\\/\\\/faculdadevaledopajeu.edu.br\\\/antigo\\\/\",\"name\":\"Faculdade Vale do Paje\u00fa | Um novo conceito em educa\u00e7\u00e3o\",\"isPartOf\":{\"@id\":\"https:\\\/\\\/faculdadevaledopajeu.edu.br\\\/antigo\\\/#website\"},\"primaryImageOfPage\":{\"@id\":\"https:\\\/\\\/faculdadevaledopajeu.edu.br\\\/antigo\\\/#primaryimage\"},\"image\":{\"@id\":\"https:\\\/\\\/faculdadevaledopajeu.edu.br\\\/antigo\\\/#primaryimage\"},\"thumbnailUrl\":\"\\\/antigo\\\/wp-content\\\/uploads\\\/2021\\\/12\\\/fvp-logo.png\",\"datePublished\":\"2015-03-02T07:41:42+00:00\",\"dateModified\":\"2024-05-11T00:43:46+00:00\",\"description\":\"Faculdade no Sert\u00e3o de Pernambuco - Cursos de Enfermagem, Direito, Administra\u00e7\u00e3o, Ci\u00eancias Cont\u00e1beis, Veterin\u00e1ria, Odontologia e Psicologia.\",\"breadcrumb\":{\"@id\":\"https:\\\/\\\/faculdadevaledopajeu.edu.br\\\/antigo\\\/#breadcrumb\"},\"inLanguage\":\"pt-BR\",\"potentialAction\":[{\"@type\":\"ReadAction\",\"target\":[\"https:\\\/\\\/faculdadevaledopajeu.edu.br\\\/antigo\\\/\"]}]},{\"@type\":\"ImageObject\",\"inLanguage\":\"pt-BR\",\"@id\":\"https:\\\/\\\/faculdadevaledopajeu.edu.br\\\/antigo\\\/#primaryimage\",\"url\":\"\\\/antigo\\\/wp-content\\\/uploads\\\/2021\\\/12\\\/fvp-logo.png\",\"contentUrl\":\"\\\/antigo\\\/wp-content\\\/uploads\\\/2021\\\/12\\\/fvp-logo.png\",\"width\":130,\"height\":165},{\"@type\":\"BreadcrumbList\",\"@id\":\"https:\\\/\\\/faculdadevaledopajeu.edu.br\\\/antigo\\\/#breadcrumb\",\"itemListElement\":[{\"@type\":\"ListItem\",\"position\":1,\"name\":\"In\u00edcio\",\"item\":\"https:\\\/\\\/faculdadevaledopajeu.edu.br\\\/antigo\\\/\"},{\"@type\":\"ListItem\",\"position\":2,\"name\":\"Home\"}]},{\"@type\":\"WebSite\",\"@id\":\"https:\\\/\\\/faculdadevaledopajeu.edu.br\\\/antigo\\\/#website\",\"url\":\"https:\\\/\\\/faculdadevaledopajeu.edu.br\\\/antigo\\\/\",\"name\":\"Faculdade Vale do Paje\u00fa\",\"description\":\"Um novo conceito em educa\u00e7\u00e3o\",\"publisher\":{\"@id\":\"https:\\\/\\\/faculdadevaledopajeu.edu.br\\\/antigo\\\/#organization\"},\"potentialAction\":[{\"@type\":\"SearchAction\",\"target\":{\"@type\":\"EntryPoint\",\"urlTemplate\":\"https:\\\/\\\/faculdadevaledopajeu.edu.br\\\/antigo\\\/?s={search_term_string}\"},\"query-input\":{\"@type\":\"PropertyValueSpecification\",\"valueRequired\":true,\"valueName\":\"search_term_string\"}}],\"inLanguage\":\"pt-BR\"},{\"@type\":\"Organization\",\"@id\":\"https:\\\/\\\/faculdadevaledopajeu.edu.br\\\/antigo\\\/#organization\",\"name\":\"Faculdade Vale de Paje\u00fa\",\"url\":\"https:\\\/\\\/faculdadevaledopajeu.edu.br\\\/antigo\\\/\",\"logo\":{\"@type\":\"ImageObject\",\"inLanguage\":\"pt-BR\",\"@id\":\"https:\\\/\\\/faculdadevaledopajeu.edu.br\\\/antigo\\\/#\\\/schema\\\/logo\\\/image\\\/\",\"url\":\"https:\\\/\\\/i0.wp.com\\\/faculdadevaledopajeu.edu.br\\\/wp-content\\\/uploads\\\/2022\\\/07\\\/logopng150px.png?fit=150%2C150&ssl=1\",\"contentUrl\":\"https:\\\/\\\/i0.wp.com\\\/faculdadevaledopajeu.edu.br\\\/wp-content\\\/uploads\\\/2022\\\/07\\\/logopng150px.png?fit=150%2C150&ssl=1\",\"width\":150,\"height\":150,\"caption\":\"Faculdade Vale de Paje\u00fa\"},\"image\":{\"@id\":\"https:\\\/\\\/faculdadevaledopajeu.edu.br\\\/antigo\\\/#\\\/schema\\\/logo\\\/image\\\/\"},\"sameAs\":[\"https:\\\/\\\/www.facebook.com\\\/Faculvaledopajeu\",\"https:\\\/\\\/www.instagram.com\\\/faculdadevaledopajeu\\\/\"]},{\"@type\":\"Person\",\"@id\":\"https:\\\/\\\/faculdadevaledopajeu.edu.br\\\/antigo\\\/#\\\/schema\\\/person\\\/3ae1244f554b6cd660e0e88c49a20f35\",\"name\":\"Usu\u00e1rio FVP\",\"image\":{\"@type\":\"ImageObject\",\"inLanguage\":\"pt-BR\",\"@id\":\"https:\\\/\\\/secure.gravatar.com\\\/avatar\\\/aa3d68eb8fdbd3f60d95d154011161590796cfad4e1ed6ec399c6c3f7fad1bf3?s=96&d=mm&r=g\",\"url\":\"https:\\\/\\\/secure.gravatar.com\\\/avatar\\\/aa3d68eb8fdbd3f60d95d154011161590796cfad4e1ed6ec399c6c3f7fad1bf3?s=96&d=mm&r=g\",\"contentUrl\":\"https:\\\/\\\/secure.gravatar.com\\\/avatar\\\/aa3d68eb8fdbd3f60d95d154011161590796cfad4e1ed6ec399c6c3f7fad1bf3?s=96&d=mm&r=g\",\"caption\":\"Usu\u00e1rio FVP\"},\"sameAs\":[\"https:\\\/\\\/faculdadevaledopajeu.edu.br\"]}]}<\/script>\n<!-- \/ Yoast SEO plugin. -->","yoast_head_json":{"title":"Faculdade Vale do Paje\u00fa | Um novo conceito em educa\u00e7\u00e3o","description":"Faculdade no Sert\u00e3o de Pernambuco - Cursos de Enfermagem, Direito, Administra\u00e7\u00e3o, Ci\u00eancias Cont\u00e1beis, Veterin\u00e1ria, Odontologia e Psicologia.","robots":{"index":"index","follow":"follow","max-snippet":"max-snippet:-1","max-image-preview":"max-image-preview:large","max-video-preview":"max-video-preview:-1"},"canonical":"https:\/\/faculdadevaledopajeu.edu.br\/antigo\/","og_locale":"pt_BR","og_type":"article","og_title":"Faculdade Vale do Paje\u00fa | Um novo conceito em educa\u00e7\u00e3o","og_description":"Faculdade no Sert\u00e3o de Pernambuco - Cursos de Enfermagem, Direito, Administra\u00e7\u00e3o, Ci\u00eancias Cont\u00e1beis, Veterin\u00e1ria, Odontologia e Psicologia.","og_url":"https:\/\/faculdadevaledopajeu.edu.br\/antigo\/","og_site_name":"Faculdade Vale do Paje\u00fa","article_publisher":"https:\/\/www.facebook.com\/Faculvaledopajeu","article_modified_time":"2024-05-11T00:43:46+00:00","og_image":[{"width":130,"height":165,"url":"https:\/\/faculdadevaledopajeu.edu.br\/antigo\/wp-content\/uploads\/2021\/12\/fvp-logo.png","type":"image\/png"}],"twitter_card":"summary_large_image","schema":{"@context":"https:\/\/schema.org","@graph":[{"@type":"ScholarlyArticle","@id":"https:\/\/faculdadevaledopajeu.edu.br\/antigo\/#article","isPartOf":{"@id":"https:\/\/faculdadevaledopajeu.edu.br\/antigo\/"},"author":{"name":"Usu\u00e1rio FVP","@id":"https:\/\/faculdadevaledopajeu.edu.br\/antigo\/#\/schema\/person\/3ae1244f554b6cd660e0e88c49a20f35"},"headline":"Home","datePublished":"2015-03-02T07:41:42+00:00","dateModified":"2024-05-11T00:43:46+00:00","mainEntityOfPage":{"@id":"https:\/\/faculdadevaledopajeu.edu.br\/antigo\/"},"wordCount":1,"commentCount":0,"publisher":{"@id":"https:\/\/faculdadevaledopajeu.edu.br\/antigo\/#organization"},"image":{"@id":"https:\/\/faculdadevaledopajeu.edu.br\/antigo\/#primaryimage"},"thumbnailUrl":"\/antigo\/wp-content\/uploads\/2021\/12\/fvp-logo.png","inLanguage":"pt-BR","potentialAction":[{"@type":"CommentAction","name":"Comment","target":["https:\/\/faculdadevaledopajeu.edu.br\/antigo\/#respond"]}]},{"@type":"WebPage","@id":"https:\/\/faculdadevaledopajeu.edu.br\/antigo\/","url":"https:\/\/faculdadevaledopajeu.edu.br\/antigo\/","name":"Faculdade Vale do Paje\u00fa | Um novo conceito em educa\u00e7\u00e3o","isPartOf":{"@id":"https:\/\/faculdadevaledopajeu.edu.br\/antigo\/#website"},"primaryImageOfPage":{"@id":"https:\/\/faculdadevaledopajeu.edu.br\/antigo\/#primaryimage"},"image":{"@id":"https:\/\/faculdadevaledopajeu.edu.br\/antigo\/#primaryimage"},"thumbnailUrl":"\/antigo\/wp-content\/uploads\/2021\/12\/fvp-logo.png","datePublished":"2015-03-02T07:41:42+00:00","dateModified":"2024-05-11T00:43:46+00:00","description":"Faculdade no Sert\u00e3o de Pernambuco - Cursos de Enfermagem, Direito, Administra\u00e7\u00e3o, Ci\u00eancias Cont\u00e1beis, Veterin\u00e1ria, Odontologia e Psicologia.","breadcrumb":{"@id":"https:\/\/faculdadevaledopajeu.edu.br\/antigo\/#breadcrumb"},"inLanguage":"pt-BR","potentialAction":[{"@type":"ReadAction","target":["https:\/\/faculdadevaledopajeu.edu.br\/antigo\/"]}]},{"@type":"ImageObject","inLanguage":"pt-BR","@id":"https:\/\/faculdadevaledopajeu.edu.br\/antigo\/#primaryimage","url":"\/antigo\/wp-content\/uploads\/2021\/12\/fvp-logo.png","contentUrl":"\/antigo\/wp-content\/uploads\/2021\/12\/fvp-logo.png","width":130,"height":165},{"@type":"BreadcrumbList","@id":"https:\/\/faculdadevaledopajeu.edu.br\/antigo\/#breadcrumb","itemListElement":[{"@type":"ListItem","position":1,"name":"In\u00edcio","item":"https:\/\/faculdadevaledopajeu.edu.br\/antigo\/"},{"@type":"ListItem","position":2,"name":"Home"}]},{"@type":"WebSite","@id":"https:\/\/faculdadevaledopajeu.edu.br\/antigo\/#website","url":"https:\/\/faculdadevaledopajeu.edu.br\/antigo\/","name":"Faculdade Vale do Paje\u00fa","description":"Um novo conceito em educa\u00e7\u00e3o","publisher":{"@id":"https:\/\/faculdadevaledopajeu.edu.br\/antigo\/#organization"},"potentialAction":[{"@type":"SearchAction","target":{"@type":"EntryPoint","urlTemplate":"https:\/\/faculdadevaledopajeu.edu.br\/antigo\/?s={search_term_string}"},"query-input":{"@type":"PropertyValueSpecification","valueRequired":true,"valueName":"search_term_string"}}],"inLanguage":"pt-BR"},{"@type":"Organization","@id":"https:\/\/faculdadevaledopajeu.edu.br\/antigo\/#organization","name":"Faculdade Vale de Paje\u00fa","url":"https:\/\/faculdadevaledopajeu.edu.br\/antigo\/","logo":{"@type":"ImageObject","inLanguage":"pt-BR","@id":"https:\/\/faculdadevaledopajeu.edu.br\/antigo\/#\/schema\/logo\/image\/","url":"https:\/\/i0.wp.com\/faculdadevaledopajeu.edu.br\/wp-content\/uploads\/2022\/07\/logopng150px.png?fit=150%2C150&ssl=1","contentUrl":"https:\/\/i0.wp.com\/faculdadevaledopajeu.edu.br\/wp-content\/uploads\/2022\/07\/logopng150px.png?fit=150%2C150&ssl=1","width":150,"height":150,"caption":"Faculdade Vale de Paje\u00fa"},"image":{"@id":"https:\/\/faculdadevaledopajeu.edu.br\/antigo\/#\/schema\/logo\/image\/"},"sameAs":["https:\/\/www.facebook.com\/Faculvaledopajeu","https:\/\/www.instagram.com\/faculdadevaledopajeu\/"]},{"@type":"Person","@id":"https:\/\/faculdadevaledopajeu.edu.br\/antigo\/#\/schema\/person\/3ae1244f554b6cd660e0e88c49a20f35","name":"Usu\u00e1rio FVP","image":{"@type":"ImageObject","inLanguage":"pt-BR","@id":"https:\/\/secure.gravatar.com\/avatar\/aa3d68eb8fdbd3f60d95d154011161590796cfad4e1ed6ec399c6c3f7fad1bf3?s=96&d=mm&r=g","url":"https:\/\/secure.gravatar.com\/avatar\/aa3d68eb8fdbd3f60d95d154011161590796cfad4e1ed6ec399c6c3f7fad1bf3?s=96&d=mm&r=g","contentUrl":"https:\/\/secure.gravatar.com\/avatar\/aa3d68eb8fdbd3f60d95d154011161590796cfad4e1ed6ec399c6c3f7fad1bf3?s=96&d=mm&r=g","caption":"Usu\u00e1rio FVP"},"sameAs":["https:\/\/faculdadevaledopajeu.edu.br"]}]}},"jetpack_sharing_enabled":true,"_links":{"self":[{"href":"https:\/\/faculdadevaledopajeu.edu.br\/antigo\/wp-json\/wp\/v2\/pages\/2327","targetHints":{"allow":["GET"]}}],"collection":[{"href":"https:\/\/faculdadevaledopajeu.edu.br\/antigo\/wp-json\/wp\/v2\/pages"}],"about":[{"href":"https:\/\/faculdadevaledopajeu.edu.br\/antigo\/wp-json\/wp\/v2\/types\/page"}],"author":[{"embeddable":true,"href":"https:\/\/faculdadevaledopajeu.edu.br\/antigo\/wp-json\/wp\/v2\/users\/1"}],"replies":[{"embeddable":true,"href":"https:\/\/faculdadevaledopajeu.edu.br\/antigo\/wp-json\/wp\/v2\/comments?post=2327"}],"version-history":[{"count":1,"href":"https:\/\/faculdadevaledopajeu.edu.br\/antigo\/wp-json\/wp\/v2\/pages\/2327\/revisions"}],"predecessor-version":[{"id":3464,"href":"https:\/\/faculdadevaledopajeu.edu.br\/antigo\/wp-json\/wp\/v2\/pages\/2327\/revisions\/3464"}],"wp:featuredmedia":[{"embeddable":true,"href":"https:\/\/faculdadevaledopajeu.edu.br\/antigo\/wp-json\/wp\/v2\/media\/2466"}],"wp:attachment":[{"href":"https:\/\/faculdadevaledopajeu.edu.br\/antigo\/wp-json\/wp\/v2\/media?parent=2327"}],"curies":[{"name":"wp","href":"https:\/\/api.w.org\/{rel}","templated":true}]}}